{"id":387,"date":"2025-02-18T17:40:19","date_gmt":"2025-02-18T17:40:19","guid":{"rendered":"https:\/\/pogonswiebodzin.sklep.pl\/?post_type=product&#038;p=387"},"modified":"2025-02-18T17:42:54","modified_gmt":"2025-02-18T17:42:54","slug":"kurtka-zimowa","status":"publish","type":"product","link":"https:\/\/pogonswiebodzin.sklep.pl\/index.php\/produkt\/kurtka-zimowa\/","title":{"rendered":"Kurtka zimowa"},"content":{"rendered":"","protected":false},"excerpt":{"rendered":"<p>Zimowa kurtka w klasycznym granatowym kolorze to po\u0142\u0105czenie funkcjonalno\u015bci i stylu. Wykonana z wodoodpornego, oddychaj\u0105cego materia\u0142u, zapewnia ciep\u0142o i ochron\u0119 przed wiatrem. Wyposa\u017cona w ocieplenie, regulowany kaptur i praktyczne kieszenie. Subtelny herb klubu na piersi podkre\u015bla sportowy charakter. Idealna na zimowe treningi i codzienne wyj\u015bcia!<\/p>\n","protected":false},"featured_media":400,"comment_status":"open","ping_status":"closed","template":"","meta":[],"product_cat":[21,22,19],"product_tag":[],"class_list":{"0":"post-387","1":"product","2":"type-product","3":"status-publish","4":"has-post-thumbnail","6":"product_cat-akademia","7":"product_cat-lifestyle","8":"product_cat-meczowe","10":"first","11":"instock","12":"shipping-taxable","13":"purchasable","14":"product-type-variable"},"_links":{"self":[{"href":"https:\/\/pogonswiebodzin.sklep.pl\/index.php\/wp-json\/wp\/v2\/product\/387","targetHints":{"allow":["GET"]}}],"collection":[{"href":"https:\/\/pogonswiebodzin.sklep.pl\/index.php\/wp-json\/wp\/v2\/product"}],"about":[{"href":"https:\/\/pogonswiebodzin.sklep.pl\/index.php\/wp-json\/wp\/v2\/types\/product"}],"replies":[{"embeddable":true,"href":"https:\/\/pogonswiebodzin.sklep.pl\/index.php\/wp-json\/wp\/v2\/comments?post=387"}],"wp:featuredmedia":[{"embeddable":true,"href":"https:\/\/pogonswiebodzin.sklep.pl\/index.php\/wp-json\/wp\/v2\/media\/400"}],"wp:attachment":[{"href":"https:\/\/pogonswiebodzin.sklep.pl\/index.php\/wp-json\/wp\/v2\/media?parent=387"}],"wp:term":[{"taxonomy":"product_cat","embeddable":true,"href":"https:\/\/pogonswiebodzin.sklep.pl\/index.php\/wp-json\/wp\/v2\/product_cat?post=387"},{"taxonomy":"product_tag","embeddable":true,"href":"https:\/\/pogonswiebodzin.sklep.pl\/index.php\/wp-json\/wp\/v2\/product_tag?post=387"}],"curies":[{"name":"wp","href":"https:\/\/api.w.org\/{rel}","templated":true}]}}